{"id":64,"date":"2013-01-07T10:43:10","date_gmt":"2013-01-07T10:43:10","guid":{"rendered":"http:\/\/localhost\/COLAB\/Arch\/WordPress\/?page_id=64"},"modified":"2014-10-10T21:52:12","modified_gmt":"2014-10-10T21:52:12","slug":"columns","status":"publish","type":"page","link":"https:\/\/www.blk-porto.pt\/?page_id=64","title":{"rendered":"Sobre n\u00f3s"},"content":{"rendered":"<div class=\"wpb_row vc_row-fluid \"> \n\t<div class=\"vc_span12 wpb_column column_container\">\n\t\t<div class=\"wpb_wrapper\">\n\t\t\t \n\t<div class=\"wpb_tabs wpb_content_element \" data-interval=\"0\">\n\t\t<div class=\"wpb_wrapper wpb_tour_tabs_wrapper ui-tabs clearfix\">\n\t\t\t<ul class=\"clearfix ui-tabs-nav\"><li><a href=\"#tab-1412968380-1-62\">BLK-Porto Arquitetura<\/a><\/li><li><a href=\"#tab-1412968380-2-51\">Equipa<\/a><\/li><\/ul>\n\n\t\t\t \n\t\t\t<div id=\"tab-1412968380-1-62\" class=\"wpb_tab wpb_row vc_row-fluid ui-tabs-panel wpb_ui-tabs-hide clearfix\">\n\t\t\t\t \n\t<div class=\"wpb_text_column wpb_content_element \">\n\t\t<div class=\"wpb_wrapper\">\n\t\t\t\n<h4 class=\"clear\"><strong>BLK-Porto Arquitetura<\/strong><\/h4>\n<div class=\"clear\" style=\"text-align: justify;\">Ap\u00f3s v\u00e1rios anos de actividade profissional em organismo p\u00fablico, Fernando Morais Gomes funda a BLK-Porto Arquitetura como ve\u00edculo de suporte ao desenvolvimento da actividade projectual que foi sempre mantida em v\u00e1rios contextos. Fazendo recurso a uma equipa de dimens\u00e3o contida que constitui o seu n\u00facleo, o gabinete estende a colabora\u00e7\u00e3o a outras estruturas externas de forma a dar resposta \u00e0s diferentes solicita\u00e7\u00f5es, mantendo a qualidade e o rigor t\u00e9cnico e cient\u00edfico que imprime em todas as abordagens. A sua vasta experi\u00eancia permite assegurar a satisfa\u00e7\u00e3o do cliente enquanto motor da sua produ\u00e7\u00e3o, sem por em causa princ\u00edpios que norteiam a sua actua\u00e7\u00e3o: manuten\u00e7\u00e3o de altos n\u00edveis de qualidade, conhecimentos t\u00e9cnicos e legais s\u00f3lidos, e trabalho de equipa com forte envolvimento multidisciplinar.<\/div>\n<div class=\"clear\"><\/div>\n<h4 class=\"clear\"><\/h4>\n\n\t\t<\/div> \n\t<\/div>  \n\t\t\t<\/div>  \n\t\t\t<div id=\"tab-1412968380-2-51\" class=\"wpb_tab wpb_row vc_row-fluid ui-tabs-panel wpb_ui-tabs-hide clearfix\">\n\t\t\t\t \n\t<div class=\"wpb_text_column wpb_content_element \">\n\t\t<div class=\"wpb_wrapper\">\n\t\t\t\n<h4 class=\"clear\"><strong>Equipa<\/strong><\/h4>\n<div class=\"clear\"><strong>Fernando Morais Gomes<\/strong><\/div>\n<div class=\"clear\" style=\"text-align: justify;\">Licenciatura em Arquitetura pela Faculdade de Arquitetura da Universidade do Porto em 1991. P\u00f3s-gradua\u00e7\u00e3o em Planeamento Urban\u00edstico Municipal pela Universidade do Minho em 2004.<\/div>\n<p>&nbsp;<\/p>\n<div class=\"clear\"><strong>Daniela Portela<\/strong><\/div>\n<div class=\"clear\">Licenciatura em Arquitetura pela Escola Superior Art\u00edstica do Porto em 2001.<\/div>\n\n\t\t<\/div> \n\t<\/div>  \n\t\t\t<\/div>  \n\t\t<\/div> \n\t<\/div>  \n\t\t<\/div> \n\t<\/div> \n <\/div>\n","protected":false},"excerpt":{"rendered":"BLK-Porto ArquiteturaEquipa BLK-Porto Arquitetura Ap\u00f3s v\u00e1rios anos de actividade profissional em organismo p\u00fablico, Fernando Morais Gomes funda a BLK-Porto Arquitetura como ve\u00edculo de suporte ao desenvolvimento da actividade projectual que [...]","protected":false},"author":1,"featured_media":0,"parent":0,"menu_order":0,"comment_status":"open","ping_status":"open","template":"","meta":{"footnotes":""},"class_list":["post-64","page","type-page","status-publish","hentry"],"_links":{"self":[{"href":"https:\/\/www.blk-porto.pt\/index.php?rest_route=\/wp\/v2\/pages\/64","targetHints":{"allow":["GET"]}}],"collection":[{"href":"https:\/\/www.blk-porto.pt\/index.php?rest_route=\/wp\/v2\/pages"}],"about":[{"href":"https:\/\/www.blk-porto.pt\/index.php?rest_route=\/wp\/v2\/types\/page"}],"author":[{"embeddable":true,"href":"https:\/\/www.blk-porto.pt\/index.php?rest_route=\/wp\/v2\/users\/1"}],"replies":[{"embeddable":true,"href":"https:\/\/www.blk-porto.pt\/index.php?rest_route=%2Fwp%2Fv2%2Fcomments&post=64"}],"version-history":[{"count":23,"href":"https:\/\/www.blk-porto.pt\/index.php?rest_route=\/wp\/v2\/pages\/64\/revisions"}],"predecessor-version":[{"id":4115,"href":"https:\/\/www.blk-porto.pt\/index.php?rest_route=\/wp\/v2\/pages\/64\/revisions\/4115"}],"wp:attachment":[{"href":"https:\/\/www.blk-porto.pt\/index.php?rest_route=%2Fwp%2Fv2%2Fmedia&parent=64"}],"curies":[{"name":"wp","href":"https:\/\/api.w.org\/{rel}","templated":true}]}}

Sobre nós

<div class="wpb_row vc_row-fluid "> 
	<div class="vc_span12 wpb_column column_container">
		<div class="wpb_wrapper">
			 
	<div class="wpb_tabs wpb_content_element " data-interval="0">
		<div class="wpb_wrapper wpb_tour_tabs_wrapper ui-tabs clearfix">
			<ul class="clearfix ui-tabs-nav"><li><a href="#tab-1412968380-1-62">BLK-Porto Arquitetura</a></li><li><a href="#tab-1412968380-2-51">Equipa</a></li></ul>

			 
			<div id="tab-1412968380-1-62" class="wpb_tab wpb_row vc_row-fluid ui-tabs-panel wpb_ui-tabs-hide clearfix">
				 
	<div class="wpb_text_column wpb_content_element ">
		<div class="wpb_wrapper">
			
<h4 class="clear"><strong>BLK-Porto Arquitetura</strong></h4>
<div class="clear" style="text-align: justify;">Após vários anos de actividade profissional em organismo público, Fernando Morais Gomes funda a BLK-Porto Arquitetura como veículo de suporte ao desenvolvimento da actividade projectual que foi sempre mantida em vários contextos. Fazendo recurso a uma equipa de dimensão contida que constitui o seu núcleo, o gabinete estende a colaboração a outras estruturas externas de forma a dar resposta às diferentes solicitações, mantendo a qualidade e o rigor técnico e científico que imprime em todas as abordagens. A sua vasta experiência permite assegurar a satisfação do cliente enquanto motor da sua produção, sem por em causa princípios que norteiam a sua actuação: manutenção de altos níveis de qualidade, conhecimentos técnicos e legais sólidos, e trabalho de equipa com forte envolvimento multidisciplinar.</div>
<div class="clear"></div>
<h4 class="clear"></h4>

		</div> 
	</div>  
			</div>  
			<div id="tab-1412968380-2-51" class="wpb_tab wpb_row vc_row-fluid ui-tabs-panel wpb_ui-tabs-hide clearfix">
				 
	<div class="wpb_text_column wpb_content_element ">
		<div class="wpb_wrapper">
			
<h4 class="clear"><strong>Equipa</strong></h4>
<div class="clear"><strong>Fernando Morais Gomes</strong></div>
<div class="clear" style="text-align: justify;">Licenciatura em Arquitetura pela Faculdade de Arquitetura da Universidade do Porto em 1991. Pós-graduação em Planeamento Urbanístico Municipal pela Universidade do Minho em 2004.</div>
<p>&nbsp;</p>
<div class="clear"><strong>Daniela Portela</strong></div>
<div class="clear">Licenciatura em Arquitetura pela Escola Superior Artística do Porto em 2001.</div>

		</div> 
	</div>  
			</div>  
		</div> 
	</div>  
		</div> 
	</div> 
 </div>

BLK-Porto ArquiteturaEquipa BLK-Porto Arquitetura Após vários anos de actividade profissional em organismo público, Fernando Morais Gomes funda a BLK-Porto Arquitetura como veículo de suporte ao desenvolvimento da actividade projectual que [...]
