{"id":327,"date":"2013-01-07T04:19:06","date_gmt":"2013-01-07T04:19:06","guid":{"rendered":"http:\/\/localhost\/COLAB\/Arch\/WordPress\/?page_id=2"},"modified":"2014-10-10T22:27:56","modified_gmt":"2014-10-10T22:27:56","slug":"about","status":"publish","type":"page","link":"https:\/\/www.blk-porto.pt\/?page_id=327","title":{"rendered":"Servi\u00e7os"},"content":{"rendered":"<div class=\"wpb_row vc_row-fluid \"> \n\t<div class=\"vc_span12 wpb_column column_container\">\n\t\t<div class=\"wpb_wrapper\">\n\t\t\t \n\t<div class=\"wpb_tabs wpb_content_element \" data-interval=\"0\">\n\t\t<div class=\"wpb_wrapper wpb_tour_tabs_wrapper ui-tabs clearfix\">\n\t\t\t<ul class=\"clearfix ui-tabs-nav\"><li><a href=\"#tab-1412979755-1-42\">BLK-Porto Arquitetura<\/a><\/li><\/ul>\n\n\t\t\t \n\t\t\t<div id=\"tab-1412979755-1-42\" class=\"wpb_tab wpb_row vc_row-fluid ui-tabs-panel wpb_ui-tabs-hide clearfix\">\n\t\t\t\t \n\t<div class=\"wpb_text_column wpb_content_element \">\n\t\t<div class=\"wpb_wrapper\">\n\t\t\t\n<p style=\"text-align: justify;\"><strong>A BLK-Porto Arquitetura <\/strong>\u00e9 uma organiza\u00e7\u00e3o vocacionada para a \u00e1rea do projeto, consultoria, coordena\u00e7\u00e3o e fiscaliza\u00e7\u00e3o na \u00e1rea da constru\u00e7\u00e3o civil, obras p\u00fablicas e planeamento. Possui para o efeito uma estrutura que assegura o fornecimento totalmente integrado de servi\u00e7os de arquitetura e engenharia, dominando todas as especialidades e fases, desde o projeto, \u00e0 integra\u00e7\u00e3o de servi\u00e7os t\u00e9cnicos e de gest\u00e3o em empreendimentos at\u00e9 \u00e0 conclus\u00e3o da obra.<\/p>\n\n\t\t<\/div> \n\t<\/div>  \n\t\t\t<\/div>  \n\t\t<\/div> \n\t<\/div>  \n\t\t<\/div> \n\t<\/div> \n <\/div>\n","protected":false},"excerpt":{"rendered":"BLK-Porto Arquitetura A BLK-Porto Arquitetura \u00e9 uma organiza\u00e7\u00e3o vocacionada para a \u00e1rea do projeto, consultoria, coordena\u00e7\u00e3o e fiscaliza\u00e7\u00e3o na \u00e1rea da constru\u00e7\u00e3o civil, obras p\u00fablicas e planeamento. Possui para o [...]","protected":false},"author":1,"featured_media":0,"parent":0,"menu_order":0,"comment_status":"open","ping_status":"closed","template":"","meta":{"footnotes":""},"class_list":["post-327","page","type-page","status-publish","hentry"],"_links":{"self":[{"href":"https:\/\/www.blk-porto.pt\/index.php?rest_route=\/wp\/v2\/pages\/327","targetHints":{"allow":["GET"]}}],"collection":[{"href":"https:\/\/www.blk-porto.pt\/index.php?rest_route=\/wp\/v2\/pages"}],"about":[{"href":"https:\/\/www.blk-porto.pt\/index.php?rest_route=\/wp\/v2\/types\/page"}],"author":[{"embeddable":true,"href":"https:\/\/www.blk-porto.pt\/index.php?rest_route=\/wp\/v2\/users\/1"}],"replies":[{"embeddable":true,"href":"https:\/\/www.blk-porto.pt\/index.php?rest_route=%2Fwp%2Fv2%2Fcomments&post=327"}],"version-history":[{"count":12,"href":"https:\/\/www.blk-porto.pt\/index.php?rest_route=\/wp\/v2\/pages\/327\/revisions"}],"predecessor-version":[{"id":5076,"href":"https:\/\/www.blk-porto.pt\/index.php?rest_route=\/wp\/v2\/pages\/327\/revisions\/5076"}],"wp:attachment":[{"href":"https:\/\/www.blk-porto.pt\/index.php?rest_route=%2Fwp%2Fv2%2Fmedia&parent=327"}],"curies":[{"name":"wp","href":"https:\/\/api.w.org\/{rel}","templated":true}]}}

Serviços

<div class="wpb_row vc_row-fluid "> 
	<div class="vc_span12 wpb_column column_container">
		<div class="wpb_wrapper">
			 
	<div class="wpb_tabs wpb_content_element " data-interval="0">
		<div class="wpb_wrapper wpb_tour_tabs_wrapper ui-tabs clearfix">
			<ul class="clearfix ui-tabs-nav"><li><a href="#tab-1412979755-1-42">BLK-Porto Arquitetura</a></li></ul>

			 
			<div id="tab-1412979755-1-42" class="wpb_tab wpb_row vc_row-fluid ui-tabs-panel wpb_ui-tabs-hide clearfix">
				 
	<div class="wpb_text_column wpb_content_element ">
		<div class="wpb_wrapper">
			
<p style="text-align: justify;"><strong>A BLK-Porto Arquitetura </strong>é uma organização vocacionada para a área do projeto, consultoria, coordenação e fiscalização na área da construção civil, obras públicas e planeamento. Possui para o efeito uma estrutura que assegura o fornecimento totalmente integrado de serviços de arquitetura e engenharia, dominando todas as especialidades e fases, desde o projeto, à integração de serviços técnicos e de gestão em empreendimentos até à conclusão da obra.</p>

		</div> 
	</div>  
			</div>  
		</div> 
	</div>  
		</div> 
	</div> 
 </div>

BLK-Porto Arquitetura A BLK-Porto Arquitetura é uma organização vocacionada para a área do projeto, consultoria, coordenação e fiscalização na área da construção civil, obras públicas e planeamento. Possui para o [...]
